est common divisor of 35 and 40.
5
Calculate the highest common divisor of 50 and 2.
2
Calculate the highest common divisor of 112 and 154.
14
What is the greatest common divisor of 4251 and 52?
13
What is the greatest common divisor of 100 and 640?
20
Calculate the highest common factor of 4182 and 102.
102
What is the greatest common divisor of 203 and 21?
7
What is the highest common divisor of 76 and 133?
19
Calculate the greatest common factor of 10 and 32.
2
Calculate the highest common divisor of 23 and 2875.
23
What is the greatest common divisor of 25 and 5?
5
Calculate the greatest common factor of 96 and 2256.
48
Calculate the greatest common factor of 589 and 62.
31
Calculate the highest common divisor of 194 and 1261.
97
Calculate the highest common divisor of 35296 and 4.
4
Calculate the highest common factor of 33267 and 78.
39
Calculate the highest common factor of 3393 and 1755.
117
Calculate the highest common divisor of 54 and 567.
27
Calculate the greatest common divisor of 1425 and 1653.
57
Calculate the highest common factor of 4164 and 12.
12
What is the highest common divisor of 26 and 21281?
13
Calculate the highest common divisor of 9 and 45.
9
Calculate the highest common factor of 9 and 729.
9
Calculate the greatest common factor of 37 and 16.
1
Calculate the greatest common factor of 195 and 18.
3
Calculate the greatest common factor of 12 and 429.
3
What is the highest common divisor of 490 and 70?
70
What is the highest common divisor of 13926 and 132?
66
What is the highest common divisor of 570 and 30?
30
What is the highest common factor of 65 and 143?
13
Calculate the highest common factor of 482 and 33017.
241
What is the greatest common factor of 128 and 16?
16
What is the highest common factor of 8 and 428?
4
Calculate the highest common divisor of 746 and 10.
2
What is the highest common factor of 13 and 13?
13
Calculate the highest common divisor of 18220 and 20.
20
What is the greatest common divisor of 1550 and 50?
50
Calculate the greatest common divisor of 403 and 39.
13
Calculate the greatest common factor of 37 and 4699.
37
What is the highest common divisor of 279 and 124?
31
Calculate the highest common divisor of 170 and 70040.
170
What is the greatest common divisor of 1442 and 77?
7
What is the greatest common factor of 95 and 2280?
95
What is the greatest common factor of 1088 and 476?
68
What is the highest common factor of 36 and 1968?
12
Calculate the highest common factor of 42 and 1512.
42
Calculate the greatest common factor of 4211 and 2.
1
Calculate the highest common factor of 159 and 3.
3
Calculate the highest common divisor of 408 and 336.
24
What is the highest common divisor of 148 and 36?
4
Calculate the greatest common factor of 117 and 18.
9
What is the greatest common factor of 19 and 361?
19
Calculate the highest common factor of 12351 and 69.
69
What is the highest common factor of 4633 and 328?
41
What is the highest common divisor of 6004 and 1580?
316
Calculate the highest common factor of 10 and 85.
5
Calculate the greatest common factor of 4 and 298.
2
What is the highest common factor of 5 and 6125?
5
What is the greatest common divisor of 96 and 416?
32
What is the greatest common divisor of 11583 and 165?
33
Calculate the highest common divisor of 8257 and 46.
23
What is the highest common divisor of 7366 and 254?
254
What is the greatest common factor of 18 and 846?
18
Calculate the greatest common divisor of 116 and 4.
4
What is the greatest common divisor of 427 and 112?
7
What is the greatest common divisor of 79 and 15089?
79
Calculate the greatest common factor of 4 and 292.
4
Calculate the highest common divisor of 16449 and 3.
3
Calculate the highest common factor of 132 and 1419.
33
Calculate the highest common factor of 377 and 117.
13
Calculate the highest common divisor of 93 and 279.
93
What is the greatest common divisor of 32246 and 46?
46
Calculate the greatest common factor of 2724 and 108.
12
What is the highest common divisor of 190 and 38?
38
Calculate the greatest common divisor of 297 and 66.
33
Calculate the greatest common factor of 122 and 2.
2
What is the highest common divisor of 18 and 6198?
6
What is the highest common divisor of 100 and 8?
4
Calculate the greatest common divisor of 116 and 4988.
116
What is the highest common factor of 159 and 7?
1
Calculate the highest common divisor of 66 and 19701.
33
Calculate the highest common factor of 28 and 6748.
28
Calculate the highest common divisor of 66 and 682.
22
What is the highest common divisor of 43 and 149339?
43
What is the highest common factor of 39 and 8697?
39
Calculate the greatest common divisor of 1480 and 16.
8
Calculate the greatest common divisor of 2537 and 43.
43
Calculate the greatest common divisor of 639 and 20661.
213
Calculate the greatest common factor of 40 and 860.
20
What is the greatest common factor of 32 and 144?
16
Calculate the highest common factor of 168 and 120.
24
Calculate the greatest common divisor of 27 and 702.
27
Calculate the highest common divisor of 16 and 124.
4
What is the greatest common divisor of 5670 and 180?
90
What is the greatest common factor of 493 and 29?
29
What is the highest common divisor of 20 and 940?
20
Calculate the highest common divisor of 76 and 100396.
76
Calculate the highest common divisor of 8 and 32.
8
What is the greatest common factor of 5 and 245?
5
What is the greatest common factor of 1204 and 344?
172
What is the highest common divisor of 768 and 14848?
256
What is the greatest common factor of 140 and 56?
28
Calculate the greatest common factor of 172 and 20.
4
What is the greatest common factor of 2298 and 6?
6
What is the greatest common divisor of 572 and 3608?
44
Calculate the highest common factor of 384 and 36.
12
What is the highest common divisor of 28 and 854?
14
What is the highest common divisor of 6 and 10911?
3
Calculate the greatest common factor of 600 and 225.
75
Calculate the greatest common divisor of 16946 and 74.
74
Calculate the highest common factor of 16236 and 9.
9
What is the greatest common factor of 78 and 3224?
26
What is the greatest common divisor of 13 and 819?
13
Calculate the greatest common factor of 63 and 294.
21
Calculate the highest common divisor of 3872 and 32.
32
Calculate the greatest common factor of 58 and 1363.
29
Calculate the greatest common factor of 549 and 122.
61
Calculate the greatest common divisor of 51 and 51.
51
Calculate the highest common factor of 28 and 1772.
4
Calculate the greatest common factor of 12140 and 20.
20
What is the greatest common divisor of 105 and 1920?
15
Calculate the highest common divisor of 25110 and 180.
90
What is the highest common factor of 14 and 1498?
14
Calculate the greatest common divisor of 90 and 486.
18
Calculate the highest common factor of 91 and 195.
13
Calculate the greatest common factor of 62 and 4.
2
Calculate the highest common divisor of 39 and 429.
39
What is the greatest common divisor of 5888 and 192?
64
What is the greatest common factor of 3699 and 108?
27
What is the highest common divisor of 747 and 2739?
249
Calculate the highest common divisor of 209 and 55.
11
Calculate the highest common divisor of 384 and 48.
48
Calculate the greatest common divisor of 12 and 100.
4
What is the greatest common divisor of 45221 and 11?
11
What is the highest common divisor of 667 and 58?
29
What is the highest common factor of 17 and 6?
1
Calculate the highest common factor of 1216 and 1600.
64
What is the greatest common factor of 35 and 380?
5
Calculate the greatest common divisor of 6149 and 11.
11
What is the greatest common factor of 763 and 327?
109
Calculate the greatest common factor of 24 and 36.
12
What is the highest common factor of 18 and 171?
9
What is the highest common factor of 51 and 3995?
17
What is the greatest common factor of 32 and 608?
32
Calculate the greatest common factor of 27 and 1629.
9
What is the greatest common factor of 546 and 462?
42
What is the greatest common factor of 30 and 204?
6
Calculate the highest common factor of 42 and 168.
42
Calculate the greatest common factor of 3401 and 399.
19
Calculate the highest common factor of 444 and 8547.
111
What is the greatest comm